{"id":1975,"date":"2022-07-21T15:05:27","date_gmt":"2022-07-21T15:05:27","guid":{"rendered":"https:\/\/www.hypertera.com\/?product=muovikorttitulostimen-tarvikepaketti-evolis-varinauha-100x-0-50mm-korttia"},"modified":"2022-07-21T15:05:32","modified_gmt":"2022-07-21T15:05:32","slug":"muovikorttitulostimen-tarvikepaketti-evolis-varinauha-100x-0-50mm-korttia","status":"publish","type":"product","link":"https:\/\/www.hypertera.com\/?product=muovikorttitulostimen-tarvikepaketti-evolis-varinauha-100x-0-50mm-korttia","title":{"rendered":"Muovikorttitulostimen tarvikepaketti, Evolis, v\u00e4rinauha, 100x 0.50mm korttia"},"content":{"rendered":"<p>Tarvikesarja Evolis Badgy-tulostimelle. Paketti sis\u00e4lt\u00e4\u00e4 1x v\u00e4rinauha, 100 korttia paksuudeltaan 0.50 mm sek\u00e4 puhdistussetti.<\/p>\n","protected":false},"excerpt":{"rendered":"<p>Evolis v\u00e4rinauha 100x 0.50mm korttia Muovikorttitulostimen tarvikepaketti<\/p>\n","protected":false},"featured_media":1976,"comment_status":"closed","ping_status":"closed","template":"","meta":[],"product_brand":[],"product_cat":[15],"product_tag":[570],"class_list":{"0":"post-1975","1":"product","2":"type-product","3":"status-publish","4":"has-post-thumbnail","6":"product_cat-uncategorized","7":"product_tag-muovikorttitulostimen-tarvikepaketit","9":"first","10":"outofstock","11":"purchasable","12":"product-type-simple"},"jetpack_sharing_enabled":true,"_links":{"self":[{"href":"https:\/\/www.hypertera.com\/index.php?rest_route=\/wp\/v2\/product\/1975","targetHints":{"allow":["GET"]}}],"collection":[{"href":"https:\/\/www.hypertera.com\/index.php?rest_route=\/wp\/v2\/product"}],"about":[{"href":"https:\/\/www.hypertera.com\/index.php?rest_route=\/wp\/v2\/types\/product"}],"replies":[{"embeddable":true,"href":"https:\/\/www.hypertera.com\/index.php?rest_route=%2Fwp%2Fv2%2Fcomments&post=1975"}],"wp:featuredmedia":[{"embeddable":true,"href":"https:\/\/www.hypertera.com\/index.php?rest_route=\/wp\/v2\/media\/1976"}],"wp:attachment":[{"href":"https:\/\/www.hypertera.com\/index.php?rest_route=%2Fwp%2Fv2%2Fmedia&parent=1975"}],"wp:term":[{"taxonomy":"product_brand","embeddable":true,"href":"https:\/\/www.hypertera.com\/index.php?rest_route=%2Fwp%2Fv2%2Fproduct_brand&post=1975"},{"taxonomy":"product_cat","embeddable":true,"href":"https:\/\/www.hypertera.com\/index.php?rest_route=%2Fwp%2Fv2%2Fproduct_cat&post=1975"},{"taxonomy":"product_tag","embeddable":true,"href":"https:\/\/www.hypertera.com\/index.php?rest_route=%2Fwp%2Fv2%2Fproduct_tag&post=1975"}],"curies":[{"name":"wp","href":"https:\/\/api.w.org\/{rel}","templated":true}]}}