{"id":1872,"date":"2022-07-21T15:02:38","date_gmt":"2022-07-21T15:02:38","guid":{"rendered":"https:\/\/www.hypertera.com\/?product=mikroskooppi-konuscience-1200x"},"modified":"2022-07-21T15:02:39","modified_gmt":"2022-07-21T15:02:39","slug":"mikroskooppi-konuscience-1200x","status":"publish","type":"product","link":"https:\/\/www.hypertera.com\/?product=mikroskooppi-konuscience-1200x","title":{"rendered":"Mikroskooppi, Konuscience, 1200x"},"content":{"rendered":"<p>Mikroskooppisarja tulevaisuuden tutkijoille! Mikroskoopissa on mahdollisuus katsoa okulaarin l\u00e4pi, tai heijastaa kuva sein\u00e4lle pime\u00e4ss\u00e4 huoneessa yhdess\u00e4 tutkimista varten. Mukana tulee jopa kamera-adapteri.  Mikroskooppi soveltuu ohuiden preparaattien tutkimiseen l\u00e4pivalaisemalla mikroskoopin aluslampun avulla. Okulaarin suurennokset ovat 10-20x ja objektiivin suurennokset ovat 10x, 20x ja 60x. Suurennosastetta voi siis s\u00e4\u00e4t\u00e4\u00e4 portaittain v\u00e4lill\u00e4 100x &#8211; 1200 x.  Mukana tulee:  Konuscience -mikroskooppi  Muovikotelo  Kamera-adapteri  pinsetit  2x n\u00e4ytteenottopullo  kirurginveitsi  10x preparaattilasi  18x preparaatin p\u00e4\u00e4llyslevy<\/p>\n","protected":false},"excerpt":{"rendered":"<p>Konus Konuscience 1200x Mikroskooppi<\/p>\n","protected":false},"featured_media":1873,"comment_status":"closed","ping_status":"closed","template":"","meta":[],"product_brand":[],"product_cat":[15],"product_tag":[560],"class_list":{"0":"post-1872","1":"product","2":"type-product","3":"status-publish","4":"has-post-thumbnail","6":"product_cat-uncategorized","7":"product_tag-mikroskoopit","9":"first","10":"instock","11":"purchasable","12":"product-type-simple"},"jetpack_sharing_enabled":true,"_links":{"self":[{"href":"https:\/\/www.hypertera.com\/index.php?rest_route=\/wp\/v2\/product\/1872","targetHints":{"allow":["GET"]}}],"collection":[{"href":"https:\/\/www.hypertera.com\/index.php?rest_route=\/wp\/v2\/product"}],"about":[{"href":"https:\/\/www.hypertera.com\/index.php?rest_route=\/wp\/v2\/types\/product"}],"replies":[{"embeddable":true,"href":"https:\/\/www.hypertera.com\/index.php?rest_route=%2Fwp%2Fv2%2Fcomments&post=1872"}],"wp:featuredmedia":[{"embeddable":true,"href":"https:\/\/www.hypertera.com\/index.php?rest_route=\/wp\/v2\/media\/1873"}],"wp:attachment":[{"href":"https:\/\/www.hypertera.com\/index.php?rest_route=%2Fwp%2Fv2%2Fmedia&parent=1872"}],"wp:term":[{"taxonomy":"product_brand","embeddable":true,"href":"https:\/\/www.hypertera.com\/index.php?rest_route=%2Fwp%2Fv2%2Fproduct_brand&post=1872"},{"taxonomy":"product_cat","embeddable":true,"href":"https:\/\/www.hypertera.com\/index.php?rest_route=%2Fwp%2Fv2%2Fproduct_cat&post=1872"},{"taxonomy":"product_tag","embeddable":true,"href":"https:\/\/www.hypertera.com\/index.php?rest_route=%2Fwp%2Fv2%2Fproduct_tag&post=1872"}],"curies":[{"name":"wp","href":"https:\/\/api.w.org\/{rel}","templated":true}]}}