{"id":1858,"date":"2022-07-21T15:01:49","date_gmt":"2022-07-21T15:01:49","guid":{"rendered":"https:\/\/www.hypertera.com\/?product=miesten-nahkavyo-vaaleanruskea-105cm"},"modified":"2022-07-21T15:02:18","modified_gmt":"2022-07-21T15:02:18","slug":"miesten-nahkavyo-vaaleanruskea-105cm","status":"publish","type":"product","link":"https:\/\/www.hypertera.com\/?product=miesten-nahkavyo-vaaleanruskea-105cm","title":{"rendered":"Miesten nahkavy\u00f6, vaaleanruskea, 105cm"},"content":{"rendered":"<p>Laadukas miesten nahkavy\u00f6. Vaalean ruskeaksi v\u00e4rj\u00e4tty\u00e4 aitoa nahkaa. Kiilt\u00e4v\u00e4 ter\u00e4ssolki. Vy\u00f6 on mukavan pehme\u00e4\u00e4 ja joustavaa nahkaa, jolloin se on helppo kirist\u00e4\u00e4. Sopii pitk\u00e4aikaiseen k\u00e4ytt\u00f6\u00f6n. Vy\u00f6n nahkaosan pituus on noin 105 cm. Leveys on 7 cm.<\/p>\n","protected":false},"excerpt":{"rendered":"<p>Vaaleanruskea, 105cm Miesten nahkavy\u00f6<\/p>\n","protected":false},"featured_media":1859,"comment_status":"closed","ping_status":"closed","template":"","meta":[],"product_brand":[],"product_cat":[15],"product_tag":[556],"class_list":{"0":"post-1858","1":"product","2":"type-product","3":"status-publish","4":"has-post-thumbnail","6":"product_cat-uncategorized","7":"product_tag-miesten-nahkavyot","9":"first","10":"instock","11":"purchasable","12":"product-type-simple"},"jetpack_sharing_enabled":true,"_links":{"self":[{"href":"https:\/\/www.hypertera.com\/index.php?rest_route=\/wp\/v2\/product\/1858","targetHints":{"allow":["GET"]}}],"collection":[{"href":"https:\/\/www.hypertera.com\/index.php?rest_route=\/wp\/v2\/product"}],"about":[{"href":"https:\/\/www.hypertera.com\/index.php?rest_route=\/wp\/v2\/types\/product"}],"replies":[{"embeddable":true,"href":"https:\/\/www.hypertera.com\/index.php?rest_route=%2Fwp%2Fv2%2Fcomments&post=1858"}],"wp:featuredmedia":[{"embeddable":true,"href":"https:\/\/www.hypertera.com\/index.php?rest_route=\/wp\/v2\/media\/1859"}],"wp:attachment":[{"href":"https:\/\/www.hypertera.com\/index.php?rest_route=%2Fwp%2Fv2%2Fmedia&parent=1858"}],"wp:term":[{"taxonomy":"product_brand","embeddable":true,"href":"https:\/\/www.hypertera.com\/index.php?rest_route=%2Fwp%2Fv2%2Fproduct_brand&post=1858"},{"taxonomy":"product_cat","embeddable":true,"href":"https:\/\/www.hypertera.com\/index.php?rest_route=%2Fwp%2Fv2%2Fproduct_cat&post=1858"},{"taxonomy":"product_tag","embeddable":true,"href":"https:\/\/www.hypertera.com\/index.php?rest_route=%2Fwp%2Fv2%2Fproduct_tag&post=1858"}],"curies":[{"name":"wp","href":"https:\/\/api.w.org\/{rel}","templated":true}]}}