{"id":1820,"date":"2022-07-21T15:00:46","date_gmt":"2022-07-21T15:00:46","guid":{"rendered":"https:\/\/www.hypertera.com\/?product=matkalaukku-saurus-keskikoko-51-litraa"},"modified":"2022-07-21T15:00:46","modified_gmt":"2022-07-21T15:00:46","slug":"matkalaukku-saurus-keskikoko-51-litraa","status":"publish","type":"product","link":"https:\/\/www.hypertera.com\/?product=matkalaukku-saurus-keskikoko-51-litraa","title":{"rendered":"Matkalaukku, Saurus Keskikoko, 51 Litraa"},"content":{"rendered":"<p>Tilava (tilavuus 51 litraa) numeroyhdistelm\u00e4lukolla varustettu tumma kest\u00e4v\u00e4 matkalaukku, nelj\u00e4 py\u00f6r\u00e4\u00e4 ja yl\u00f6snostettava vetokahva, sek\u00e4 kantokahvat molemmilla sivuilla. Valmistettu polykarbonaatista. Kiinnityskohta varmistettu tukevalla vanteella (polypropyleeni).  Paino 4.3 kg  Laukun ulkomitat  Syvyys: 26.5 cm  Korkeus: 64 cm  Leveys: 44 cm  Ymp\u00e4rysmitta: 130 cm  Sis\u00e4mitat  Syvyys: 25 cm  Korkeus: 53,5 cm  Leveys: 39 cm<\/p>\n","protected":false},"excerpt":{"rendered":"<p>Saurus Keskikoko 51 Litraa Matkalaukku<\/p>\n","protected":false},"featured_media":1821,"comment_status":"closed","ping_status":"closed","template":"","meta":[],"product_brand":[],"product_cat":[212,546,545,16],"product_tag":[547],"class_list":{"0":"post-1820","1":"product","2":"type-product","3":"status-publish","4":"has-post-thumbnail","6":"product_cat-muut-tuotteet-tuotteet","7":"product_cat-salkut-ja-laukut-salkut-ja-laukut","8":"product_cat-salkut-ja-laukut","9":"product_cat-tuotteet","10":"product_tag-matkalaukut","12":"first","13":"instock","14":"purchasable","15":"product-type-simple"},"jetpack_sharing_enabled":true,"_links":{"self":[{"href":"https:\/\/www.hypertera.com\/index.php?rest_route=\/wp\/v2\/product\/1820","targetHints":{"allow":["GET"]}}],"collection":[{"href":"https:\/\/www.hypertera.com\/index.php?rest_route=\/wp\/v2\/product"}],"about":[{"href":"https:\/\/www.hypertera.com\/index.php?rest_route=\/wp\/v2\/types\/product"}],"replies":[{"embeddable":true,"href":"https:\/\/www.hypertera.com\/index.php?rest_route=%2Fwp%2Fv2%2Fcomments&post=1820"}],"wp:featuredmedia":[{"embeddable":true,"href":"https:\/\/www.hypertera.com\/index.php?rest_route=\/wp\/v2\/media\/1821"}],"wp:attachment":[{"href":"https:\/\/www.hypertera.com\/index.php?rest_route=%2Fwp%2Fv2%2Fmedia&parent=1820"}],"wp:term":[{"taxonomy":"product_brand","embeddable":true,"href":"https:\/\/www.hypertera.com\/index.php?rest_route=%2Fwp%2Fv2%2Fproduct_brand&post=1820"},{"taxonomy":"product_cat","embeddable":true,"href":"https:\/\/www.hypertera.com\/index.php?rest_route=%2Fwp%2Fv2%2Fproduct_cat&post=1820"},{"taxonomy":"product_tag","embeddable":true,"href":"https:\/\/www.hypertera.com\/index.php?rest_route=%2Fwp%2Fv2%2Fproduct_tag&post=1820"}],"curies":[{"name":"wp","href":"https:\/\/api.w.org\/{rel}","templated":true}]}}