{"id":1818,"date":"2022-07-21T15:00:17","date_gmt":"2022-07-21T15:00:17","guid":{"rendered":"https:\/\/www.hypertera.com\/?product=matkalaukku-saurus-iso-83-l"},"modified":"2022-07-21T15:00:36","modified_gmt":"2022-07-21T15:00:36","slug":"matkalaukku-saurus-iso-83-l","status":"publish","type":"product","link":"https:\/\/www.hypertera.com\/?product=matkalaukku-saurus-iso-83-l","title":{"rendered":"Matkalaukku, Saurus Iso, 83 l"},"content":{"rendered":"<p>Tilava (tilavuus 84 litraa) numeroyhdistelm\u00e4lukolla varustettu tumma kest\u00e4v\u00e4 matkalaukku, nelj\u00e4 py\u00f6r\u00e4\u00e4 ja yl\u00f6snostettava vetokahva, sek\u00e4 kantokahvat molemmilla sivuilla. Valmistettu polykarbonaatista. Kiinnityskohta varmistettu tukevalla vanteella (polypropyleeni). Paino 5.4 kg  Laukun ulkomitat  Syvyys: 29 cm  Korkeus: 74 cm  Leveys: 51 cm  Ymp\u00e4rysmitta: 147 cm  Sis\u00e4mitat  Syvyys: 27 cm  Korkeus: 65 cm  Leveys: 47.8 cm<\/p>\n","protected":false},"excerpt":{"rendered":"<p>Saurus Iso 84 l Matkalaukku<\/p>\n","protected":false},"featured_media":1819,"comment_status":"closed","ping_status":"closed","template":"","meta":[],"product_brand":[],"product_cat":[212,546,545,16],"product_tag":[547],"class_list":{"0":"post-1818","1":"product","2":"type-product","3":"status-publish","4":"has-post-thumbnail","6":"product_cat-muut-tuotteet-tuotteet","7":"product_cat-salkut-ja-laukut-salkut-ja-laukut","8":"product_cat-salkut-ja-laukut","9":"product_cat-tuotteet","10":"product_tag-matkalaukut","12":"first","13":"instock","14":"purchasable","15":"product-type-simple"},"jetpack_sharing_enabled":true,"_links":{"self":[{"href":"https:\/\/www.hypertera.com\/index.php?rest_route=\/wp\/v2\/product\/1818","targetHints":{"allow":["GET"]}}],"collection":[{"href":"https:\/\/www.hypertera.com\/index.php?rest_route=\/wp\/v2\/product"}],"about":[{"href":"https:\/\/www.hypertera.com\/index.php?rest_route=\/wp\/v2\/types\/product"}],"replies":[{"embeddable":true,"href":"https:\/\/www.hypertera.com\/index.php?rest_route=%2Fwp%2Fv2%2Fcomments&post=1818"}],"wp:featuredmedia":[{"embeddable":true,"href":"https:\/\/www.hypertera.com\/index.php?rest_route=\/wp\/v2\/media\/1819"}],"wp:attachment":[{"href":"https:\/\/www.hypertera.com\/index.php?rest_route=%2Fwp%2Fv2%2Fmedia&parent=1818"}],"wp:term":[{"taxonomy":"product_brand","embeddable":true,"href":"https:\/\/www.hypertera.com\/index.php?rest_route=%2Fwp%2Fv2%2Fproduct_brand&post=1818"},{"taxonomy":"product_cat","embeddable":true,"href":"https:\/\/www.hypertera.com\/index.php?rest_route=%2Fwp%2Fv2%2Fproduct_cat&post=1818"},{"taxonomy":"product_tag","embeddable":true,"href":"https:\/\/www.hypertera.com\/index.php?rest_route=%2Fwp%2Fv2%2Fproduct_tag&post=1818"}],"curies":[{"name":"wp","href":"https:\/\/api.w.org\/{rel}","templated":true}]}}