{"id":1816,"date":"2022-07-21T15:00:17","date_gmt":"2022-07-21T15:00:17","guid":{"rendered":"https:\/\/www.hypertera.com\/?product=matkakolmijalka-weifeng-3110a"},"modified":"2022-07-21T15:00:35","modified_gmt":"2022-07-21T15:00:35","slug":"matkakolmijalka-weifeng-3110a","status":"publish","type":"product","link":"https:\/\/www.hypertera.com\/?product=matkakolmijalka-weifeng-3110a","title":{"rendered":"Matkakolmijalka, Weifeng 3110A"},"content":{"rendered":"<p>K\u00e4tev\u00e4 alumiininen kolmijalka matkoille. P\u00e4\u00e4 k\u00e4\u00e4ntyy kolmeen eri suuntaan. Jaloissa nelj\u00e4 pidennysputkea, jotka on helppo avata pikalukituksella. Jalkojen p\u00e4\u00e4dyss\u00e4 on kumijalat liukumisen est\u00e4miseksi. Avattuna kolmijalan toimintakorkeus on noin 1 metri, mutta kokoontaitettuna jalustan pituus on vain 35 cm.   Jalusta on tarkoitettu vain alle 1 kg painoisille taskukameroille, j\u00e4rjestelm\u00e4kameroilla ja videokameroilla.<\/p>\n","protected":false},"excerpt":{"rendered":"<p>Weifeng 3110A Kolmijalkajalusta<\/p>\n","protected":false},"featured_media":1817,"comment_status":"closed","ping_status":"closed","template":"","meta":[],"product_brand":[],"product_cat":[15],"product_tag":[315],"class_list":{"0":"post-1816","1":"product","2":"type-product","3":"status-publish","4":"has-post-thumbnail","6":"product_cat-uncategorized","7":"product_tag-kolmijalat","9":"first","10":"instock","11":"purchasable","12":"product-type-simple"},"jetpack_sharing_enabled":true,"_links":{"self":[{"href":"https:\/\/www.hypertera.com\/index.php?rest_route=\/wp\/v2\/product\/1816","targetHints":{"allow":["GET"]}}],"collection":[{"href":"https:\/\/www.hypertera.com\/index.php?rest_route=\/wp\/v2\/product"}],"about":[{"href":"https:\/\/www.hypertera.com\/index.php?rest_route=\/wp\/v2\/types\/product"}],"replies":[{"embeddable":true,"href":"https:\/\/www.hypertera.com\/index.php?rest_route=%2Fwp%2Fv2%2Fcomments&post=1816"}],"wp:featuredmedia":[{"embeddable":true,"href":"https:\/\/www.hypertera.com\/index.php?rest_route=\/wp\/v2\/media\/1817"}],"wp:attachment":[{"href":"https:\/\/www.hypertera.com\/index.php?rest_route=%2Fwp%2Fv2%2Fmedia&parent=1816"}],"wp:term":[{"taxonomy":"product_brand","embeddable":true,"href":"https:\/\/www.hypertera.com\/index.php?rest_route=%2Fwp%2Fv2%2Fproduct_brand&post=1816"},{"taxonomy":"product_cat","embeddable":true,"href":"https:\/\/www.hypertera.com\/index.php?rest_route=%2Fwp%2Fv2%2Fproduct_cat&post=1816"},{"taxonomy":"product_tag","embeddable":true,"href":"https:\/\/www.hypertera.com\/index.php?rest_route=%2Fwp%2Fv2%2Fproduct_tag&post=1816"}],"curies":[{"name":"wp","href":"https:\/\/api.w.org\/{rel}","templated":true}]}}