{"id":1718,"date":"2022-07-21T14:55:46","date_gmt":"2022-07-21T14:55:46","guid":{"rendered":"https:\/\/www.hypertera.com\/?product=maalikyna-penol-52-paint-marker-pronssi"},"modified":"2022-07-21T14:55:54","modified_gmt":"2022-07-21T14:55:54","slug":"maalikyna-penol-52-paint-marker-pronssi","status":"publish","type":"product","link":"https:\/\/www.hypertera.com\/?product=maalikyna-penol-52-paint-marker-pronssi","title":{"rendered":"Maalikyn\u00e4, Penol 52, Paint Marker, pronssi"},"content":{"rendered":"<p>Penol 52 maalikyn\u00e4, Paint Marker. Ter\u00e4n leveys 0,5 mm. Vedenkest\u00e4v\u00e4.<\/p>\n","protected":false},"excerpt":{"rendered":"<p>Penol 52 maalikyn\u00e4, Paint Marker. Ter\u00e4n leveys 0,5 mm. Vedenkest\u00e4v\u00e4.<\/p>\n","protected":false},"featured_media":1719,"comment_status":"closed","ping_status":"closed","template":"","meta":[],"product_brand":[],"product_cat":[56,536,30,16],"product_tag":[537],"class_list":{"0":"post-1718","1":"product","2":"type-product","3":"status-publish","4":"has-post-thumbnail","6":"product_cat-kynat","7":"product_cat-maalikynat","8":"product_cat-toimistotarvikkeet","9":"product_cat-tuotteet","10":"product_tag-maalikynat","12":"first","13":"instock","14":"purchasable","15":"product-type-simple"},"jetpack_sharing_enabled":true,"_links":{"self":[{"href":"https:\/\/www.hypertera.com\/index.php?rest_route=\/wp\/v2\/product\/1718","targetHints":{"allow":["GET"]}}],"collection":[{"href":"https:\/\/www.hypertera.com\/index.php?rest_route=\/wp\/v2\/product"}],"about":[{"href":"https:\/\/www.hypertera.com\/index.php?rest_route=\/wp\/v2\/types\/product"}],"replies":[{"embeddable":true,"href":"https:\/\/www.hypertera.com\/index.php?rest_route=%2Fwp%2Fv2%2Fcomments&post=1718"}],"wp:featuredmedia":[{"embeddable":true,"href":"https:\/\/www.hypertera.com\/index.php?rest_route=\/wp\/v2\/media\/1719"}],"wp:attachment":[{"href":"https:\/\/www.hypertera.com\/index.php?rest_route=%2Fwp%2Fv2%2Fmedia&parent=1718"}],"wp:term":[{"taxonomy":"product_brand","embeddable":true,"href":"https:\/\/www.hypertera.com\/index.php?rest_route=%2Fwp%2Fv2%2Fproduct_brand&post=1718"},{"taxonomy":"product_cat","embeddable":true,"href":"https:\/\/www.hypertera.com\/index.php?rest_route=%2Fwp%2Fv2%2Fproduct_cat&post=1718"},{"taxonomy":"product_tag","embeddable":true,"href":"https:\/\/www.hypertera.com\/index.php?rest_route=%2Fwp%2Fv2%2Fproduct_tag&post=1718"}],"curies":[{"name":"wp","href":"https:\/\/api.w.org\/{rel}","templated":true}]}}