{"id":1587,"date":"2022-07-21T14:51:01","date_gmt":"2022-07-21T14:51:01","guid":{"rendered":"https:\/\/www.hypertera.com\/?product=liima-pva-120-ml"},"modified":"2022-07-21T14:51:11","modified_gmt":"2022-07-21T14:51:11","slug":"liima-pva-120-ml","status":"publish","type":"product","link":"https:\/\/www.hypertera.com\/?product=liima-pva-120-ml","title":{"rendered":"Liima, PVA, 120 ml"},"content":{"rendered":"<p>Valkoinen liima paksuille materiaaleille ja kartongille. Sopii askarteluliimaksi sek\u00e4 my\u00f6s esim. puun liimaamiseen. Pehme\u00e4ss\u00e4 pullossa on on normaali k\u00e4rki liiman levityst\u00e4 varten. Kest\u00e4v\u00e4 liimaus. Ei tuoksua. Liimauksen aikana kappaleiden tulisi olla puristuksessa.  PVA-liiman sidosaineena on plyvinyyliasetaatta (PVA). Liima on vesiohenteista ja vaaleaa liimaa, jolla voi liimata huokoisia materiaaleja yhteen. Kuivuttuaan liima on osin l\u00e4pin\u00e4kyv\u00e4\u00e4 ja v\u00e4rit\u00f6nt\u00e4. Tunnetuin PVA-liiman tuotemerkeist\u00e4 on Erikeeper (ei t\u00e4m\u00e4 tuote).<\/p>\n","protected":false},"excerpt":{"rendered":"<p>Liima, PVA, 120 ml<\/p>\n","protected":false},"featured_media":1588,"comment_status":"closed","ping_status":"closed","template":"","meta":[],"product_brand":[],"product_cat":[493,331,30,16],"product_tag":[494],"class_list":{"0":"post-1587","1":"product","2":"type-product","3":"status-publish","4":"has-post-thumbnail","6":"product_cat-liimat-teipit-liimat-ja-korjaustarvikkeet-toimistotarvikkeet","7":"product_cat-teipit-liimat-ja-korjaustarvikkeet-toimistotarvikkeet","8":"product_cat-toimistotarvikkeet","9":"product_cat-tuotteet","10":"product_tag-liimat","12":"first","13":"instock","14":"purchasable","15":"product-type-simple"},"jetpack_sharing_enabled":true,"_links":{"self":[{"href":"https:\/\/www.hypertera.com\/index.php?rest_route=\/wp\/v2\/product\/1587","targetHints":{"allow":["GET"]}}],"collection":[{"href":"https:\/\/www.hypertera.com\/index.php?rest_route=\/wp\/v2\/product"}],"about":[{"href":"https:\/\/www.hypertera.com\/index.php?rest_route=\/wp\/v2\/types\/product"}],"replies":[{"embeddable":true,"href":"https:\/\/www.hypertera.com\/index.php?rest_route=%2Fwp%2Fv2%2Fcomments&post=1587"}],"wp:featuredmedia":[{"embeddable":true,"href":"https:\/\/www.hypertera.com\/index.php?rest_route=\/wp\/v2\/media\/1588"}],"wp:attachment":[{"href":"https:\/\/www.hypertera.com\/index.php?rest_route=%2Fwp%2Fv2%2Fmedia&parent=1587"}],"wp:term":[{"taxonomy":"product_brand","embeddable":true,"href":"https:\/\/www.hypertera.com\/index.php?rest_route=%2Fwp%2Fv2%2Fproduct_brand&post=1587"},{"taxonomy":"product_cat","embeddable":true,"href":"https:\/\/www.hypertera.com\/index.php?rest_route=%2Fwp%2Fv2%2Fproduct_cat&post=1587"},{"taxonomy":"product_tag","embeddable":true,"href":"https:\/\/www.hypertera.com\/index.php?rest_route=%2Fwp%2Fv2%2Fproduct_tag&post=1587"}],"curies":[{"name":"wp","href":"https:\/\/api.w.org\/{rel}","templated":true}]}}