{"id":1565,"date":"2022-07-21T14:49:59","date_gmt":"2022-07-21T14:49:59","guid":{"rendered":"https:\/\/www.hypertera.com\/?product=lehtiotaulu-10070cm-magneettinen-valkotaulu"},"modified":"2022-07-21T14:49:59","modified_gmt":"2022-07-21T14:49:59","slug":"lehtiotaulu-10070cm-magneettinen-valkotaulu","status":"publish","type":"product","link":"https:\/\/www.hypertera.com\/?product=lehtiotaulu-10070cm-magneettinen-valkotaulu","title":{"rendered":"Lehti\u00f6taulu 100*70cm, magneettinen valkotaulu"},"content":{"rendered":"<p>Kolmijalkainen lehti\u00f6taulu ja magneettinen valkotaulu. S\u00e4\u00e4dett\u00e4v\u00e4 korkeus. Mukana tulee kyn\u00e4kouru, 2 magneettia ja pyyhin.<\/p>\n","protected":false},"excerpt":{"rendered":"<p>100*70cm Lehti\u00f6taulu<\/p>\n","protected":false},"featured_media":1566,"comment_status":"closed","ping_status":"closed","template":"","meta":[],"product_brand":[],"product_cat":[50,487,16],"product_tag":[488],"class_list":{"0":"post-1565","1":"product","2":"type-product","3":"status-publish","4":"has-post-thumbnail","6":"product_cat-kalusteet","7":"product_cat-lehtiotaulut","8":"product_cat-tuotteet","9":"product_tag-lehtiotaulut","11":"first","12":"instock","13":"purchasable","14":"product-type-simple"},"jetpack_sharing_enabled":true,"_links":{"self":[{"href":"https:\/\/www.hypertera.com\/index.php?rest_route=\/wp\/v2\/product\/1565","targetHints":{"allow":["GET"]}}],"collection":[{"href":"https:\/\/www.hypertera.com\/index.php?rest_route=\/wp\/v2\/product"}],"about":[{"href":"https:\/\/www.hypertera.com\/index.php?rest_route=\/wp\/v2\/types\/product"}],"replies":[{"embeddable":true,"href":"https:\/\/www.hypertera.com\/index.php?rest_route=%2Fwp%2Fv2%2Fcomments&post=1565"}],"wp:featuredmedia":[{"embeddable":true,"href":"https:\/\/www.hypertera.com\/index.php?rest_route=\/wp\/v2\/media\/1566"}],"wp:attachment":[{"href":"https:\/\/www.hypertera.com\/index.php?rest_route=%2Fwp%2Fv2%2Fmedia&parent=1565"}],"wp:term":[{"taxonomy":"product_brand","embeddable":true,"href":"https:\/\/www.hypertera.com\/index.php?rest_route=%2Fwp%2Fv2%2Fproduct_brand&post=1565"},{"taxonomy":"product_cat","embeddable":true,"href":"https:\/\/www.hypertera.com\/index.php?rest_route=%2Fwp%2Fv2%2Fproduct_cat&post=1565"},{"taxonomy":"product_tag","embeddable":true,"href":"https:\/\/www.hypertera.com\/index.php?rest_route=%2Fwp%2Fv2%2Fproduct_tag&post=1565"}],"curies":[{"name":"wp","href":"https:\/\/api.w.org\/{rel}","templated":true}]}}