{"id":1523,"date":"2022-07-21T14:48:34","date_gmt":"2022-07-21T14:48:34","guid":{"rendered":"https:\/\/www.hypertera.com\/?product=lasertarra-avery-l7767-40-kiiltava-1-pkt-40"},"modified":"2022-07-21T14:48:41","modified_gmt":"2022-07-21T14:48:41","slug":"lasertarra-avery-l7767-40-kiiltava-1-pkt-40","status":"publish","type":"product","link":"https:\/\/www.hypertera.com\/?product=lasertarra-avery-l7767-40-kiiltava-1-pkt-40","title":{"rendered":"Lasertarra, Avery L7767-40, kiilt\u00e4v\u00e4, 1 pkt\/40"},"content":{"rendered":"<p>Kiilt\u00e4v\u00e4t tarrat on tehty valokuvapaperille, ja siksi teksti, kuvat ja grafiikka tulee hienosti esille. T\u00e4st\u00e4 A4-kokoisesta tarrasta muotoilet tarpeisiisi sopivankokoiset tarrat.  Tulostuksen suunnitteluun voit k\u00e4ytt\u00e4\u00e4 helppok\u00e4ytt\u00f6ist\u00e4, ilmaista Averyn tarrapohjat sis\u00e4lt\u00e4v\u00e4\u00e4 ohjelmaa, jonka voit ladata t\u00e4st\u00e4.   Tarran koko 210 x 297 mm, arkkeja pakkauksessa 40 kpl. Tarroja arkilla 1 kpl. Tarroja pakkauksessa yhteens\u00e4 40 kpl.<\/p>\n","protected":false},"excerpt":{"rendered":"<p>Kiilt\u00e4v\u00e4t tarrat on tehty valokuvapaperille, ja siksi teksti, kuvat ja grafiikka tulee hienosti esille. T\u00e4st\u00e4 A4-kokoisesta tarrasta muotoilet tarpeisiisi sopivankokoiset tarrat. Tulostuksen suunnitteluun voit k\u00e4ytt\u00e4\u00e4 helppok\u00e4ytt\u00f6ist\u00e4, ilmaista Averyn tarrapohjat sis\u00e4lt\u00e4v\u00e4\u00e4 ohjelmaa, jonka voit ladata t\u00e4st\u00e4. Tarran koko 210 x 297 mm, arkkeja pakkauksessa 40 kpl. Tarroja arkilla 1 kpl. Tarroja pakkauksessa yhteens\u00e4 40 kpl.<\/p>\n","protected":false},"featured_media":1524,"comment_status":"closed","ping_status":"closed","template":"","meta":[],"product_brand":[],"product_cat":[174,104,175,172,30,173,16],"product_tag":[176],"class_list":{"0":"post-1523","1":"product","2":"type-product","3":"status-publish","4":"has-post-thumbnail","6":"product_cat-etiketit-tarrat-ja-nimilappukotelot-toimistotarvikkeet-monitoimitarrattuotteet","7":"product_cat-etiketit-tarrat-ja-nimilappukotelot","8":"product_cat-kopiotarrat","9":"product_cat-monitoimitarrattuotteet","10":"product_cat-toimistotarvikkeet","11":"product_cat-toimistotarvikkeet-monitoimitarrattuotteet","12":"product_cat-tuotteet","13":"product_tag-lasertarrat","15":"first","16":"instock","17":"purchasable","18":"product-type-simple"},"jetpack_sharing_enabled":true,"_links":{"self":[{"href":"https:\/\/www.hypertera.com\/index.php?rest_route=\/wp\/v2\/product\/1523","targetHints":{"allow":["GET"]}}],"collection":[{"href":"https:\/\/www.hypertera.com\/index.php?rest_route=\/wp\/v2\/product"}],"about":[{"href":"https:\/\/www.hypertera.com\/index.php?rest_route=\/wp\/v2\/types\/product"}],"replies":[{"embeddable":true,"href":"https:\/\/www.hypertera.com\/index.php?rest_route=%2Fwp%2Fv2%2Fcomments&post=1523"}],"wp:featuredmedia":[{"embeddable":true,"href":"https:\/\/www.hypertera.com\/index.php?rest_route=\/wp\/v2\/media\/1524"}],"wp:attachment":[{"href":"https:\/\/www.hypertera.com\/index.php?rest_route=%2Fwp%2Fv2%2Fmedia&parent=1523"}],"wp:term":[{"taxonomy":"product_brand","embeddable":true,"href":"https:\/\/www.hypertera.com\/index.php?rest_route=%2Fwp%2Fv2%2Fproduct_brand&post=1523"},{"taxonomy":"product_cat","embeddable":true,"href":"https:\/\/www.hypertera.com\/index.php?rest_route=%2Fwp%2Fv2%2Fproduct_cat&post=1523"},{"taxonomy":"product_tag","embeddable":true,"href":"https:\/\/www.hypertera.com\/index.php?rest_route=%2Fwp%2Fv2%2Fproduct_tag&post=1523"}],"curies":[{"name":"wp","href":"https:\/\/api.w.org\/{rel}","templated":true}]}}