{"id":1479,"date":"2022-07-21T14:47:53","date_gmt":"2022-07-21T14:47:53","guid":{"rendered":"https:\/\/www.hypertera.com\/?product=lasertarra-avery-l6114-20-anti-tamper-sinettitarra-1-pkt-540"},"modified":"2022-07-21T14:47:56","modified_gmt":"2022-07-21T14:47:56","slug":"lasertarra-avery-l6114-20-anti-tamper-sinettitarra-1-pkt-540","status":"publish","type":"product","link":"https:\/\/www.hypertera.com\/?product=lasertarra-avery-l6114-20-anti-tamper-sinettitarra-1-pkt-540","title":{"rendered":"Lasertarra, Avery L6114-20, Anti tamper sinettitarra, 1 pkt\/540"},"content":{"rendered":"<p>Avery laser-tarrat on testattu useilla lasertulostimilla, mik\u00e4 takaa 100% luotettavuuden ja ongelmattoman tulostuksen. Sinettitarrat on valmistettu repe\u00e4m\u00e4tt\u00f6m\u00e4st\u00e4 polymeeri-materiaalista. J\u00e4tt\u00e4\u00e4 &quot;STOP&quot; -j\u00e4ljen irrotus- yrityksen j\u00e4lkeen. Liimautuu metalliin, lasiin, muoviin ym. Kest\u00e4\u00e4 vett\u00e4, likaa ja \u00f6ljy\u00e4. Laser -tulostimelle.. Tarran koko 63.5 x 29.6 mm Arkkeja pakkauksessa 20 kpl. Tarroja arkilla 27 kpl. Tarroja pakkauksessa yhteens\u00e4 540 kpl.<\/p>\n","protected":false},"excerpt":{"rendered":"<p>Avery laser-tarrat on testattu useilla lasertulostimilla, mik\u00e4 takaa 100% luotettavuuden ja ongelmattoman tulostuksen. Sinettitarrat on valmistettu repe\u00e4m\u00e4tt\u00f6m\u00e4st\u00e4 polymeeri-materiaalista. J\u00e4tt\u00e4\u00e4 &quot;STOP&quot; -j\u00e4ljen irrotus- yrityksen j\u00e4lkeen. Liimautuu metalliin, lasiin, muoviin ym. Kest\u00e4\u00e4 vett\u00e4, likaa ja \u00f6ljy\u00e4. Laser -tulostimelle.. Tarran koko 63.5 x 29.6 mm Arkkeja pakkauksessa 20 kpl. Tarroja arkilla 27 kpl. Tarroja pakkauksessa yhteens\u00e4 540 kpl.<\/p>\n","protected":false},"featured_media":1480,"comment_status":"closed","ping_status":"closed","template":"","meta":[],"product_brand":[],"product_cat":[104,174,175,172,30,173,16],"product_tag":[176],"class_list":{"0":"post-1479","1":"product","2":"type-product","3":"status-publish","4":"has-post-thumbnail","6":"product_cat-etiketit-tarrat-ja-nimilappukotelot","7":"product_cat-etiketit-tarrat-ja-nimilappukotelot-toimistotarvikkeet-monitoimitarrattuotteet","8":"product_cat-kopiotarrat","9":"product_cat-monitoimitarrattuotteet","10":"product_cat-toimistotarvikkeet","11":"product_cat-toimistotarvikkeet-monitoimitarrattuotteet","12":"product_cat-tuotteet","13":"product_tag-lasertarrat","15":"first","16":"instock","17":"purchasable","18":"product-type-simple"},"jetpack_sharing_enabled":true,"_links":{"self":[{"href":"https:\/\/www.hypertera.com\/index.php?rest_route=\/wp\/v2\/product\/1479","targetHints":{"allow":["GET"]}}],"collection":[{"href":"https:\/\/www.hypertera.com\/index.php?rest_route=\/wp\/v2\/product"}],"about":[{"href":"https:\/\/www.hypertera.com\/index.php?rest_route=\/wp\/v2\/types\/product"}],"replies":[{"embeddable":true,"href":"https:\/\/www.hypertera.com\/index.php?rest_route=%2Fwp%2Fv2%2Fcomments&post=1479"}],"wp:featuredmedia":[{"embeddable":true,"href":"https:\/\/www.hypertera.com\/index.php?rest_route=\/wp\/v2\/media\/1480"}],"wp:attachment":[{"href":"https:\/\/www.hypertera.com\/index.php?rest_route=%2Fwp%2Fv2%2Fmedia&parent=1479"}],"wp:term":[{"taxonomy":"product_brand","embeddable":true,"href":"https:\/\/www.hypertera.com\/index.php?rest_route=%2Fwp%2Fv2%2Fproduct_brand&post=1479"},{"taxonomy":"product_cat","embeddable":true,"href":"https:\/\/www.hypertera.com\/index.php?rest_route=%2Fwp%2Fv2%2Fproduct_cat&post=1479"},{"taxonomy":"product_tag","embeddable":true,"href":"https:\/\/www.hypertera.com\/index.php?rest_route=%2Fwp%2Fv2%2Fproduct_tag&post=1479"}],"curies":[{"name":"wp","href":"https:\/\/api.w.org\/{rel}","templated":true}]}}