{"id":1451,"date":"2022-07-21T14:47:16","date_gmt":"2022-07-21T14:47:16","guid":{"rendered":"https:\/\/www.hypertera.com\/?product=laserosoitin-kaukosaadin-esselte-lr-3"},"modified":"2022-07-21T14:47:22","modified_gmt":"2022-07-21T14:47:22","slug":"laserosoitin-kaukosaadin-esselte-lr-3","status":"publish","type":"product","link":"https:\/\/www.hypertera.com\/?product=laserosoitin-kaukosaadin-esselte-lr-3","title":{"rendered":"Laserosoitin\/kaukos\u00e4\u00e4din, Esselte, LR-3"},"content":{"rendered":"<p>Langaton laserosoitin ja PC ohjaus yhdess\u00e4. Kaukos\u00e4\u00e4timell\u00e4 voi selata MS PowerPoint-esityksi\u00e4 sek\u00e4 Excel ja Word-tiedostoja yl\u00f6s ja alas. USB-liit\u00e4nt\u00e4 (ei vaadi erillist\u00e4 ohjelmistoa). Soveltuu k\u00e4ytett\u00e4v\u00e4ksi Windows98, 2000 ja XP-k\u00e4ytt\u00f6j\u00e4rjestelmiss\u00e4. Paristok\u00e4ytt\u00f6inen 1 x AAA (pakkaus sis\u00e4lt\u00e4\u00e4 pariston). K\u00e4ytt\u00f6et\u00e4isyys 15 m infrapunavastaanottimesta. Takuu 2 vuotta.<\/p>\n","protected":false},"excerpt":{"rendered":"<p>Langaton laserosoitin ja PC ohjaus yhdess\u00e4. Kaukos\u00e4\u00e4timell\u00e4 voi selata MS PowerPoint-esityksi\u00e4 sek\u00e4 Excel ja Word-tiedostoja yl\u00f6s ja alas. USB-liit\u00e4nt\u00e4 (ei vaadi erillist\u00e4 ohjelmistoa). Soveltuu k\u00e4ytett\u00e4v\u00e4ksi Windows98, 2000 ja XP-k\u00e4ytt\u00f6j\u00e4rjestelmiss\u00e4. Paristok\u00e4ytt\u00f6inen 1 x AAA (pakkaus sis\u00e4lt\u00e4\u00e4 pariston). K\u00e4ytt\u00f6et\u00e4isyys 15 m infrapunavastaanottimesta. Takuu 2 vuotta.<\/p>\n","protected":false},"featured_media":1452,"comment_status":"closed","ping_status":"closed","template":"","meta":[],"product_brand":[],"product_cat":[56,464,30,16],"product_tag":[465],"class_list":{"0":"post-1451","1":"product","2":"type-product","3":"status-publish","4":"has-post-thumbnail","6":"product_cat-kynat","7":"product_cat-laserosoitin","8":"product_cat-toimistotarvikkeet","9":"product_cat-tuotteet","10":"product_tag-laserosoittimet","12":"first","13":"instock","14":"purchasable","15":"product-type-simple"},"jetpack_sharing_enabled":true,"_links":{"self":[{"href":"https:\/\/www.hypertera.com\/index.php?rest_route=\/wp\/v2\/product\/1451","targetHints":{"allow":["GET"]}}],"collection":[{"href":"https:\/\/www.hypertera.com\/index.php?rest_route=\/wp\/v2\/product"}],"about":[{"href":"https:\/\/www.hypertera.com\/index.php?rest_route=\/wp\/v2\/types\/product"}],"replies":[{"embeddable":true,"href":"https:\/\/www.hypertera.com\/index.php?rest_route=%2Fwp%2Fv2%2Fcomments&post=1451"}],"wp:featuredmedia":[{"embeddable":true,"href":"https:\/\/www.hypertera.com\/index.php?rest_route=\/wp\/v2\/media\/1452"}],"wp:attachment":[{"href":"https:\/\/www.hypertera.com\/index.php?rest_route=%2Fwp%2Fv2%2Fmedia&parent=1451"}],"wp:term":[{"taxonomy":"product_brand","embeddable":true,"href":"https:\/\/www.hypertera.com\/index.php?rest_route=%2Fwp%2Fv2%2Fproduct_brand&post=1451"},{"taxonomy":"product_cat","embeddable":true,"href":"https:\/\/www.hypertera.com\/index.php?rest_route=%2Fwp%2Fv2%2Fproduct_cat&post=1451"},{"taxonomy":"product_tag","embeddable":true,"href":"https:\/\/www.hypertera.com\/index.php?rest_route=%2Fwp%2Fv2%2Fproduct_tag&post=1451"}],"curies":[{"name":"wp","href":"https:\/\/api.w.org\/{rel}","templated":true}]}}