{"id":145,"date":"2022-07-21T13:41:06","date_gmt":"2022-07-21T13:41:06","guid":{"rendered":"https:\/\/www.hypertera.com\/?product=x-cd-kotelo-allsop-discgo-30-sininenpoistunut"},"modified":"2022-07-21T13:41:31","modified_gmt":"2022-07-21T13:41:31","slug":"x-cd-kotelo-allsop-discgo-30-sininenpoistunut","status":"publish","type":"product","link":"https:\/\/www.hypertera.com\/?product=x-cd-kotelo-allsop-discgo-30-sininenpoistunut","title":{"rendered":"X CD-kotelo, ALLSOP DiscGo 30, Sininen(POISTUNUT)"},"content":{"rendered":"<p>Sininen CD\/DVD teline 30 levylle. Eritt\u00e4in k\u00e4tev\u00e4 teline esimerkiksi matkoille, k\u00e4tev\u00e4ll\u00e4 kantokahvalla varustettuun telineeseen mahtuu 30 levy\u00e4.<\/p>\n","protected":false},"excerpt":{"rendered":"<p>Sininen ALLSOP DiscGo 30 CD-kotelo<\/p>\n","protected":false},"featured_media":146,"comment_status":"closed","ping_status":"closed","template":"","meta":[],"product_brand":[],"product_cat":[93,94,30,16],"product_tag":[95],"class_list":{"0":"post-145","1":"product","2":"type-product","3":"status-publish","4":"has-post-thumbnail","6":"product_cat-atk-ja-tallennustarvikkeet","7":"product_cat-atk-sailytys","8":"product_cat-toimistotarvikkeet","9":"product_cat-tuotteet","10":"product_tag-cd-kotelot","12":"first","13":"instock","14":"purchasable","15":"product-type-simple"},"jetpack_sharing_enabled":true,"_links":{"self":[{"href":"https:\/\/www.hypertera.com\/index.php?rest_route=\/wp\/v2\/product\/145","targetHints":{"allow":["GET"]}}],"collection":[{"href":"https:\/\/www.hypertera.com\/index.php?rest_route=\/wp\/v2\/product"}],"about":[{"href":"https:\/\/www.hypertera.com\/index.php?rest_route=\/wp\/v2\/types\/product"}],"replies":[{"embeddable":true,"href":"https:\/\/www.hypertera.com\/index.php?rest_route=%2Fwp%2Fv2%2Fcomments&post=145"}],"wp:featuredmedia":[{"embeddable":true,"href":"https:\/\/www.hypertera.com\/index.php?rest_route=\/wp\/v2\/media\/146"}],"wp:attachment":[{"href":"https:\/\/www.hypertera.com\/index.php?rest_route=%2Fwp%2Fv2%2Fmedia&parent=145"}],"wp:term":[{"taxonomy":"product_brand","embeddable":true,"href":"https:\/\/www.hypertera.com\/index.php?rest_route=%2Fwp%2Fv2%2Fproduct_brand&post=145"},{"taxonomy":"product_cat","embeddable":true,"href":"https:\/\/www.hypertera.com\/index.php?rest_route=%2Fwp%2Fv2%2Fproduct_cat&post=145"},{"taxonomy":"product_tag","embeddable":true,"href":"https:\/\/www.hypertera.com\/index.php?rest_route=%2Fwp%2Fv2%2Fproduct_tag&post=145"}],"curies":[{"name":"wp","href":"https:\/\/api.w.org\/{rel}","templated":true}]}}