{"id":1439,"date":"2022-07-21T14:47:00","date_gmt":"2022-07-21T14:47:00","guid":{"rendered":"https:\/\/www.hypertera.com\/?product=laserkasetti-q-connect-q2612xl-hp-laserjet-1010-max"},"modified":"2022-07-21T14:47:03","modified_gmt":"2022-07-21T14:47:03","slug":"laserkasetti-q-connect-q2612xl-hp-laserjet-1010-max","status":"publish","type":"product","link":"https:\/\/www.hypertera.com\/?product=laserkasetti-q-connect-q2612xl-hp-laserjet-1010-max","title":{"rendered":"Laserkasetti, Q-Connect Q2612XL, HP LaserJet 1010 MAX"},"content":{"rendered":"<p>Ymp\u00e4rist\u00f6yst\u00e4v\u00e4llinen v\u00e4rikasetti. Miljoonat tyhj\u00e4t v\u00e4rikasetit p\u00e4\u00e4tyv\u00e4t j\u00e4tteeksi, ellei niit\u00e4 kierr\u00e4tet\u00e4. Q-Connect v\u00e4rikasetit ovat l\u00e4pik\u00e4yneet kierr\u00e4tysprosessin ja ovat luontoyst\u00e4v\u00e4llisempi tapa tulostaa. Q-Connect v\u00e4rikasetti on hyv\u00e4 vaihtoehto alkuper\u00e4iselle v\u00e4rikasetille!    Riitto n. 4.000 sivua. Sopii HP LaseJet 1010- 1012- 1015 1018 1020- 1050 3015 3020 3030-sarjat. 3050 3052 3055 AiO M1005 mfp OEM nro Q2612XL.<\/p>\n","protected":false},"excerpt":{"rendered":"<p>Ymp\u00e4rist\u00f6yst\u00e4v\u00e4llinen v\u00e4rikasetti. Miljoonat tyhj\u00e4t v\u00e4rikasetit p\u00e4\u00e4tyv\u00e4t j\u00e4tteeksi, ellei niit\u00e4 kierr\u00e4tet\u00e4. Q-Connect v\u00e4rikasetit ovat l\u00e4pik\u00e4yneet kierr\u00e4tysprosessin ja ovat luontoyst\u00e4v\u00e4llisempi tapa tulostaa. Q-Connect v\u00e4rikasetti on hyv\u00e4 vaihtoehto alkuper\u00e4iselle v\u00e4rikasetille! Riitto n. 4.000 sivua. Sopii HP LaseJet 1010- 1012- 1015 1018 1020- 1050 3015 3020 3030-sarjat. 3050 3052 3055 AiO M1005 mfp OEM nro Q2612XL.<\/p>\n","protected":false},"featured_media":1440,"comment_status":"closed","ping_status":"closed","template":"","meta":[],"product_brand":[],"product_cat":[15],"product_tag":[463],"class_list":{"0":"post-1439","1":"product","2":"type-product","3":"status-publish","4":"has-post-thumbnail","6":"product_cat-uncategorized","7":"product_tag-laserkasetit","9":"first","10":"outofstock","11":"purchasable","12":"product-type-simple"},"jetpack_sharing_enabled":true,"_links":{"self":[{"href":"https:\/\/www.hypertera.com\/index.php?rest_route=\/wp\/v2\/product\/1439","targetHints":{"allow":["GET"]}}],"collection":[{"href":"https:\/\/www.hypertera.com\/index.php?rest_route=\/wp\/v2\/product"}],"about":[{"href":"https:\/\/www.hypertera.com\/index.php?rest_route=\/wp\/v2\/types\/product"}],"replies":[{"embeddable":true,"href":"https:\/\/www.hypertera.com\/index.php?rest_route=%2Fwp%2Fv2%2Fcomments&post=1439"}],"wp:featuredmedia":[{"embeddable":true,"href":"https:\/\/www.hypertera.com\/index.php?rest_route=\/wp\/v2\/media\/1440"}],"wp:attachment":[{"href":"https:\/\/www.hypertera.com\/index.php?rest_route=%2Fwp%2Fv2%2Fmedia&parent=1439"}],"wp:term":[{"taxonomy":"product_brand","embeddable":true,"href":"https:\/\/www.hypertera.com\/index.php?rest_route=%2Fwp%2Fv2%2Fproduct_brand&post=1439"},{"taxonomy":"product_cat","embeddable":true,"href":"https:\/\/www.hypertera.com\/index.php?rest_route=%2Fwp%2Fv2%2Fproduct_cat&post=1439"},{"taxonomy":"product_tag","embeddable":true,"href":"https:\/\/www.hypertera.com\/index.php?rest_route=%2Fwp%2Fv2%2Fproduct_tag&post=1439"}],"curies":[{"name":"wp","href":"https:\/\/api.w.org\/{rel}","templated":true}]}}