{"id":1429,"date":"2022-07-21T14:46:49","date_gmt":"2022-07-21T14:46:49","guid":{"rendered":"https:\/\/www.hypertera.com\/?product=laserkasetti-hp-c7115x-musta-lj-1200"},"modified":"2022-07-21T14:46:54","modified_gmt":"2022-07-21T14:46:54","slug":"laserkasetti-hp-c7115x-musta-lj-1200","status":"publish","type":"product","link":"https:\/\/www.hypertera.com\/?product=laserkasetti-hp-c7115x-musta-lj-1200","title":{"rendered":"Laserkasetti, HP C7115X, musta, LJ 1200"},"content":{"rendered":"<p>HP v\u00e4rikasetit tuottavat aina laadukkaita tulosteita luotettavasti. HP v\u00e4rikasetit on suunniteltu toimimaan saumattomasti nimenomaan HP LaserJet tulostinten kanssa. HP v\u00e4rikasetit yhdess\u00e4 HP:n ter\u00e4vyydenparannustekniikan avulla tuottavat laadukkaita, ammattimaisia tulosteita, joissa on ter\u00e4v\u00e4 teksti, tasaisen pehme\u00e4t harmaas\u00e4vyt ja eritt\u00e4in n\u00e4ytt\u00e4v\u00e4 grafiikka.     V\u00e4rikasetti. Riitto n. 3500 sivua. Sopii HP LJ 1200 LJ 1220 LJ 3300MFP LJ 3310MFP LJ 3320MFP LJ 3330MFP LJ 3380<\/p>\n","protected":false},"excerpt":{"rendered":"<p>HP v\u00e4rikasetit tuottavat aina laadukkaita tulosteita luotettavasti. HP v\u00e4rikasetit on suunniteltu toimimaan saumattomasti nimenomaan HP LaserJet tulostinten kanssa. HP v\u00e4rikasetit yhdess\u00e4 HP:n ter\u00e4vyydenparannustekniikan avulla tuottavat laadukkaita, ammattimaisia tulosteita, joissa on ter\u00e4v\u00e4 teksti, tasaisen pehme\u00e4t harmaas\u00e4vyt ja eritt\u00e4in n\u00e4ytt\u00e4v\u00e4 grafiikka. V\u00e4rikasetti. Riitto n. 3500 sivua. Sopii HP LJ 1200 LJ 1220 LJ 3300MFP LJ 3310MFP LJ [&hellip;]<\/p>\n","protected":false},"featured_media":1430,"comment_status":"closed","ping_status":"closed","template":"","meta":[],"product_brand":[],"product_cat":[15],"product_tag":[463],"class_list":{"0":"post-1429","1":"product","2":"type-product","3":"status-publish","4":"has-post-thumbnail","6":"product_cat-uncategorized","7":"product_tag-laserkasetit","9":"first","10":"instock","11":"purchasable","12":"product-type-simple"},"jetpack_sharing_enabled":true,"_links":{"self":[{"href":"https:\/\/www.hypertera.com\/index.php?rest_route=\/wp\/v2\/product\/1429","targetHints":{"allow":["GET"]}}],"collection":[{"href":"https:\/\/www.hypertera.com\/index.php?rest_route=\/wp\/v2\/product"}],"about":[{"href":"https:\/\/www.hypertera.com\/index.php?rest_route=\/wp\/v2\/types\/product"}],"replies":[{"embeddable":true,"href":"https:\/\/www.hypertera.com\/index.php?rest_route=%2Fwp%2Fv2%2Fcomments&post=1429"}],"wp:featuredmedia":[{"embeddable":true,"href":"https:\/\/www.hypertera.com\/index.php?rest_route=\/wp\/v2\/media\/1430"}],"wp:attachment":[{"href":"https:\/\/www.hypertera.com\/index.php?rest_route=%2Fwp%2Fv2%2Fmedia&parent=1429"}],"wp:term":[{"taxonomy":"product_brand","embeddable":true,"href":"https:\/\/www.hypertera.com\/index.php?rest_route=%2Fwp%2Fv2%2Fproduct_brand&post=1429"},{"taxonomy":"product_cat","embeddable":true,"href":"https:\/\/www.hypertera.com\/index.php?rest_route=%2Fwp%2Fv2%2Fproduct_cat&post=1429"},{"taxonomy":"product_tag","embeddable":true,"href":"https:\/\/www.hypertera.com\/index.php?rest_route=%2Fwp%2Fv2%2Fproduct_tag&post=1429"}],"curies":[{"name":"wp","href":"https:\/\/api.w.org\/{rel}","templated":true}]}}