{"id":1418,"date":"2022-07-21T14:46:22","date_gmt":"2022-07-21T14:46:22","guid":{"rendered":"https:\/\/www.hypertera.com\/?product=lampunkanta-4x-e27-diffuusiovarjopidike-nivel-spigot-kiinnitys"},"modified":"2022-07-21T14:46:24","modified_gmt":"2022-07-21T14:46:24","slug":"lampunkanta-4x-e27-diffuusiovarjopidike-nivel-spigot-kiinnitys","status":"publish","type":"product","link":"https:\/\/www.hypertera.com\/?product=lampunkanta-4x-e27-diffuusiovarjopidike-nivel-spigot-kiinnitys","title":{"rendered":"Lampunkanta 4x E27, diffuusiovarjopidike, nivel, spigot-kiinnitys"},"content":{"rendered":"<p>Lampunpidike nelj\u00e4lle E27-lampulle sateenvarjopidikkeell\u00e4. Soveltuu esimerkiksi p\u00e4iv\u00e4nvalolamppujen kiinnitykseen ja esineiden ja ihmisten valaisuun. Erityisen hy\u00f6dyllinen videokuvauksen valaistuksessa. Kunkin lampun maksimiteho saa olla 40W. &quot;Sateenvarjon&quot; eli diffuusiovarjon avulla voit tasoittaa lampuista l\u00e4htev\u00e4n valon, jolloin kohteisiin ei tule ter\u00e4vi\u00e4 varjoja, ja lamppujen h\u00e4ik\u00e4iseminen v\u00e4henee.   Mukana tulee lampunpidike, paikka sateenvarjolle kiinnikkeess\u00e4 ja 3 metrin virtajohto. Kiinnikkess\u00e4 on nivel.<\/p>\n","protected":false},"excerpt":{"rendered":"<p>Lampunkanta 4x E27, sateenvarjopidike, nivel, spigot-kiinnitys<\/p>\n","protected":false},"featured_media":1419,"comment_status":"closed","ping_status":"closed","template":"","meta":[],"product_brand":[],"product_cat":[15],"product_tag":[455],"class_list":{"0":"post-1418","1":"product","2":"type-product","3":"status-publish","4":"has-post-thumbnail","6":"product_cat-uncategorized","7":"product_tag-lampunkannat","9":"first","10":"outofstock","11":"purchasable","12":"product-type-simple"},"jetpack_sharing_enabled":true,"_links":{"self":[{"href":"https:\/\/www.hypertera.com\/index.php?rest_route=\/wp\/v2\/product\/1418","targetHints":{"allow":["GET"]}}],"collection":[{"href":"https:\/\/www.hypertera.com\/index.php?rest_route=\/wp\/v2\/product"}],"about":[{"href":"https:\/\/www.hypertera.com\/index.php?rest_route=\/wp\/v2\/types\/product"}],"replies":[{"embeddable":true,"href":"https:\/\/www.hypertera.com\/index.php?rest_route=%2Fwp%2Fv2%2Fcomments&post=1418"}],"wp:featuredmedia":[{"embeddable":true,"href":"https:\/\/www.hypertera.com\/index.php?rest_route=\/wp\/v2\/media\/1419"}],"wp:attachment":[{"href":"https:\/\/www.hypertera.com\/index.php?rest_route=%2Fwp%2Fv2%2Fmedia&parent=1418"}],"wp:term":[{"taxonomy":"product_brand","embeddable":true,"href":"https:\/\/www.hypertera.com\/index.php?rest_route=%2Fwp%2Fv2%2Fproduct_brand&post=1418"},{"taxonomy":"product_cat","embeddable":true,"href":"https:\/\/www.hypertera.com\/index.php?rest_route=%2Fwp%2Fv2%2Fproduct_cat&post=1418"},{"taxonomy":"product_tag","embeddable":true,"href":"https:\/\/www.hypertera.com\/index.php?rest_route=%2Fwp%2Fv2%2Fproduct_tag&post=1418"}],"curies":[{"name":"wp","href":"https:\/\/api.w.org\/{rel}","templated":true}]}}