{"id":1392,"date":"2022-07-21T14:45:49","date_gmt":"2022-07-21T14:45:49","guid":{"rendered":"https:\/\/www.hypertera.com\/?product=laminointitasku-a4-125mic-1-ltk-100"},"modified":"2022-07-21T14:45:54","modified_gmt":"2022-07-21T14:45:54","slug":"laminointitasku-a4-125mic-1-ltk-100","status":"publish","type":"product","link":"https:\/\/www.hypertera.com\/?product=laminointitasku-a4-125mic-1-ltk-100","title":{"rendered":"Laminointitasku, A4, 125MIC, 1 ltk\/100"},"content":{"rendered":"<p>Kuumalaminointilaitteisiin. Paksuus molemmin puolin 125 mic = 250 mic yhteens\u00e4. Laadukkaat paksut 125 mic laminointitaskut 100 kpl laatikossa. Suojaa t\u00e4rke\u00e4t tiedotteet auringonvalolta ja kosteudelta. Kirjoitettava, vedenpit\u00e4v\u00e4, heijastamaton, voi leikata ja py\u00f6ristetyt kulmat.<\/p>\n","protected":false},"excerpt":{"rendered":"<p>Kuumalaminointilaitteisiin. Paksuus molemmin puolin 125 mic = 250 mic yhteens\u00e4. Laadukkaat paksut 125 mic laminointitaskut 100 kpl laatikossa. Suojaa t\u00e4rke\u00e4t tiedotteet auringonvalolta ja kosteudelta. Kirjoitettava, vedenpit\u00e4v\u00e4, heijastamaton, voi leikata ja py\u00f6ristetyt kulmat.<\/p>\n","protected":false},"featured_media":1393,"comment_status":"closed","ping_status":"closed","template":"","meta":[],"product_brand":[],"product_cat":[450,452,449,451,228,30,16],"product_tag":[453],"class_list":{"0":"post-1392","1":"product","2":"type-product","3":"status-publish","4":"has-post-thumbnail","6":"product_cat-laitteet-tekniikka-laminointitaskuttuotteet","7":"product_cat-laminointitaskut","8":"product_cat-laminointitaskuttuotteet","9":"product_cat-sidonta-laminointilaitteet-laitteet-tekniikka-laminointitaskuttuotteet","10":"product_cat-sidonta-laminointitarvikkeet","11":"product_cat-toimistotarvikkeet","12":"product_cat-tuotteet","13":"product_tag-laminointitaskut","15":"first","16":"instock","17":"purchasable","18":"product-type-simple"},"jetpack_sharing_enabled":true,"_links":{"self":[{"href":"https:\/\/www.hypertera.com\/index.php?rest_route=\/wp\/v2\/product\/1392","targetHints":{"allow":["GET"]}}],"collection":[{"href":"https:\/\/www.hypertera.com\/index.php?rest_route=\/wp\/v2\/product"}],"about":[{"href":"https:\/\/www.hypertera.com\/index.php?rest_route=\/wp\/v2\/types\/product"}],"replies":[{"embeddable":true,"href":"https:\/\/www.hypertera.com\/index.php?rest_route=%2Fwp%2Fv2%2Fcomments&post=1392"}],"wp:featuredmedia":[{"embeddable":true,"href":"https:\/\/www.hypertera.com\/index.php?rest_route=\/wp\/v2\/media\/1393"}],"wp:attachment":[{"href":"https:\/\/www.hypertera.com\/index.php?rest_route=%2Fwp%2Fv2%2Fmedia&parent=1392"}],"wp:term":[{"taxonomy":"product_brand","embeddable":true,"href":"https:\/\/www.hypertera.com\/index.php?rest_route=%2Fwp%2Fv2%2Fproduct_brand&post=1392"},{"taxonomy":"product_cat","embeddable":true,"href":"https:\/\/www.hypertera.com\/index.php?rest_route=%2Fwp%2Fv2%2Fproduct_cat&post=1392"},{"taxonomy":"product_tag","embeddable":true,"href":"https:\/\/www.hypertera.com\/index.php?rest_route=%2Fwp%2Fv2%2Fproduct_tag&post=1392"}],"curies":[{"name":"wp","href":"https:\/\/api.w.org\/{rel}","templated":true}]}}