{"id":1376,"date":"2022-07-21T14:45:36","date_gmt":"2022-07-21T14:45:36","guid":{"rendered":"https:\/\/www.hypertera.com\/?product=laminointilaite-leitz-kylma-cs9-office-a4"},"modified":"2022-07-21T14:45:37","modified_gmt":"2022-07-21T14:45:37","slug":"laminointilaite-leitz-kylma-cs9-office-a4","status":"publish","type":"product","link":"https:\/\/www.hypertera.com\/?product=laminointilaite-leitz-kylma-cs9-office-a4","title":{"rendered":"Laminointilaite, Leitz Kylm\u00e4, CS9 OFFICE A4"},"content":{"rendered":"<p>Manuaalinen, kevyt kylm\u00e4laminointilaite. L\u00e4mp\u00f6\u00e4, paristoja tai verkkovirtaa ei tarvita. Sis\u00e4\u00e4n rakennettu irrotettava leikkuri. Patentoitu kalvorullaj\u00e4rjestelm\u00e4, kalvon vaihto on helppoa. Laminoi pitki\u00e4kin aineistoja (rullan pituus). Mukana ilmainen aloituspakkaus (5m). Suurin laminointileveys 215 mm. Mitat 360 x 220 x 170 mm (lxkxs), paino 3,5 kg. Takuu 2 vuotta. (Laminointikasetti tuote 299706).<\/p>\n","protected":false},"excerpt":{"rendered":"<p>Manuaalinen, kevyt kylm\u00e4laminointilaite. L\u00e4mp\u00f6\u00e4, paristoja tai verkkovirtaa ei tarvita. Sis\u00e4\u00e4n rakennettu irrotettava leikkuri. Patentoitu kalvorullaj\u00e4rjestelm\u00e4, kalvon vaihto on helppoa. Laminoi pitki\u00e4kin aineistoja (rullan pituus). Mukana ilmainen aloituspakkaus (5m). Suurin laminointileveys 215 mm. Mitat 360 x 220 x 170 mm (lxkxs), paino 3,5 kg. Takuu 2 vuotta. (Laminointikasetti tuote 299706).<\/p>\n","protected":false},"featured_media":1377,"comment_status":"closed","ping_status":"closed","template":"","meta":[],"product_brand":[],"product_cat":[17,447,446,16],"product_tag":[448],"class_list":{"0":"post-1376","1":"product","2":"type-product","3":"status-publish","4":"has-post-thumbnail","6":"product_cat-laitteet-tekniikka","7":"product_cat-laminointilaitteet","8":"product_cat-sidonta-laminointilaitteet","9":"product_cat-tuotteet","10":"product_tag-laminointilaitteet","12":"first","13":"instock","14":"purchasable","15":"product-type-simple"},"jetpack_sharing_enabled":true,"_links":{"self":[{"href":"https:\/\/www.hypertera.com\/index.php?rest_route=\/wp\/v2\/product\/1376","targetHints":{"allow":["GET"]}}],"collection":[{"href":"https:\/\/www.hypertera.com\/index.php?rest_route=\/wp\/v2\/product"}],"about":[{"href":"https:\/\/www.hypertera.com\/index.php?rest_route=\/wp\/v2\/types\/product"}],"replies":[{"embeddable":true,"href":"https:\/\/www.hypertera.com\/index.php?rest_route=%2Fwp%2Fv2%2Fcomments&post=1376"}],"wp:featuredmedia":[{"embeddable":true,"href":"https:\/\/www.hypertera.com\/index.php?rest_route=\/wp\/v2\/media\/1377"}],"wp:attachment":[{"href":"https:\/\/www.hypertera.com\/index.php?rest_route=%2Fwp%2Fv2%2Fmedia&parent=1376"}],"wp:term":[{"taxonomy":"product_brand","embeddable":true,"href":"https:\/\/www.hypertera.com\/index.php?rest_route=%2Fwp%2Fv2%2Fproduct_brand&post=1376"},{"taxonomy":"product_cat","embeddable":true,"href":"https:\/\/www.hypertera.com\/index.php?rest_route=%2Fwp%2Fv2%2Fproduct_cat&post=1376"},{"taxonomy":"product_tag","embeddable":true,"href":"https:\/\/www.hypertera.com\/index.php?rest_route=%2Fwp%2Fv2%2Fproduct_tag&post=1376"}],"curies":[{"name":"wp","href":"https:\/\/api.w.org\/{rel}","templated":true}]}}