{"id":1341,"date":"2022-07-21T14:44:45","date_gmt":"2022-07-21T14:44:45","guid":{"rendered":"https:\/\/www.hypertera.com\/?product=kayntikorttirullakko-durable-visifix-flip"},"modified":"2022-07-21T14:44:49","modified_gmt":"2022-07-21T14:44:49","slug":"kayntikorttirullakko-durable-visifix-flip","status":"publish","type":"product","link":"https:\/\/www.hypertera.com\/?product=kayntikorttirullakko-durable-visifix-flip","title":{"rendered":"K\u00e4yntikorttirullakko, Durable Visifix Flip"},"content":{"rendered":"<p>Py\u00f6riv\u00e4ss\u00e4 rullakossa on 200 korttitaskua. V\u00e4ri musta. Yhteen korttitaskuun voi laittaa 2 k\u00e4yntikorttia (max koko 74&#215;104 mm). Aakkosrekisteri A-Z. Saatavana my\u00f6s lis\u00e4k\u00e4yntikorttitaskut (tuotekoodi TAS-D11). Rullakon koko 215x120x185 mm.<\/p>\n","protected":false},"excerpt":{"rendered":"<p>Py\u00f6riv\u00e4ss\u00e4 rullakossa on 200 korttitaskua. V\u00e4ri musta. Yhteen korttitaskuun voi laittaa 2 k\u00e4yntikorttia (max koko 74&#215;104 mm). Aakkosrekisteri A-Z. Saatavana my\u00f6s lis\u00e4k\u00e4yntikorttitaskut (tuotekoodi TAS-D11). Rullakon koko 215x120x185 mm.<\/p>\n","protected":false},"featured_media":1342,"comment_status":"closed","ping_status":"closed","template":"","meta":[],"product_brand":[],"product_cat":[31,425,30,16],"product_tag":[426],"class_list":{"0":"post-1341","1":"product","2":"type-product","3":"status-publish","4":"has-post-thumbnail","6":"product_cat-kansiot-ja-mapit","7":"product_cat-puhelinmuistiot-kayntikorttikansiot-kansiot-ja-mapit","8":"product_cat-toimistotarvikkeet","9":"product_cat-tuotteet","10":"product_tag-kayntikorttirullakot","12":"first","13":"instock","14":"purchasable","15":"product-type-simple"},"jetpack_sharing_enabled":true,"_links":{"self":[{"href":"https:\/\/www.hypertera.com\/index.php?rest_route=\/wp\/v2\/product\/1341","targetHints":{"allow":["GET"]}}],"collection":[{"href":"https:\/\/www.hypertera.com\/index.php?rest_route=\/wp\/v2\/product"}],"about":[{"href":"https:\/\/www.hypertera.com\/index.php?rest_route=\/wp\/v2\/types\/product"}],"replies":[{"embeddable":true,"href":"https:\/\/www.hypertera.com\/index.php?rest_route=%2Fwp%2Fv2%2Fcomments&post=1341"}],"wp:featuredmedia":[{"embeddable":true,"href":"https:\/\/www.hypertera.com\/index.php?rest_route=\/wp\/v2\/media\/1342"}],"wp:attachment":[{"href":"https:\/\/www.hypertera.com\/index.php?rest_route=%2Fwp%2Fv2%2Fmedia&parent=1341"}],"wp:term":[{"taxonomy":"product_brand","embeddable":true,"href":"https:\/\/www.hypertera.com\/index.php?rest_route=%2Fwp%2Fv2%2Fproduct_brand&post=1341"},{"taxonomy":"product_cat","embeddable":true,"href":"https:\/\/www.hypertera.com\/index.php?rest_route=%2Fwp%2Fv2%2Fproduct_cat&post=1341"},{"taxonomy":"product_tag","embeddable":true,"href":"https:\/\/www.hypertera.com\/index.php?rest_route=%2Fwp%2Fv2%2Fproduct_tag&post=1341"}],"curies":[{"name":"wp","href":"https:\/\/api.w.org\/{rel}","templated":true}]}}