{"id":1317,"date":"2022-07-21T14:44:15","date_gmt":"2022-07-21T14:44:15","guid":{"rendered":"https:\/\/www.hypertera.com\/?product=kasipyyhe-tork-plus-quick-dry-sininen"},"modified":"2022-07-21T14:44:15","modified_gmt":"2022-07-21T14:44:15","slug":"kasipyyhe-tork-plus-quick-dry-sininen","status":"publish","type":"product","link":"https:\/\/www.hypertera.com\/?product=kasipyyhe-tork-plus-quick-dry-sininen","title":{"rendered":"K\u00e4sipyyhe, Tork Plus (Quick Dry), sininen"},"content":{"rendered":"<p>Tork k\u00e4sipyyhe plus sopii erityisesti nesteiden pyyhint\u00e4\u00e4n ja k\u00e4sien kuivaamiseen. Quick Dry -ominaisuuden ansiosta paperi on lujempaa m\u00e4rk\u00e4n\u00e4 ja imukykyisemp\u00e4\u00e4 kuin tavallinen paperi. Paperi on monik\u00e4ytt\u00f6inen ja soveltuu pyyhint\u00e4\u00e4. K\u00e4sipyyhe Plus on hyv\u00e4ksytty elintarvikek\u00e4ytt\u00f6\u00f6n. Paperin v\u00e4ri sininen, kerroksia 2. Paperissa on kohokuviointi. Rullan leveys 23,5 cm, rullan pituus 255 m, arkkien lukum\u00e4\u00e4r\u00e4 750, arkkipituus 34 cm, rullan halkaisija 26,2 cm ja keski\u00f6n sis\u00e4halkaisija 7,1 cm.   K\u00e4sipyyhe on yhteensopiva Torkin lattiatelineen ja sein\u00e4telineen kanssa.<\/p>\n","protected":false},"excerpt":{"rendered":"<p>Sininen Tork Plus (Quick Dry) K\u00e4sipyyhe<\/p>\n","protected":false},"featured_media":1318,"comment_status":"closed","ping_status":"closed","template":"","meta":[],"product_brand":[],"product_cat":[407,195,16],"product_tag":[408],"class_list":{"0":"post-1317","1":"product","2":"type-product","3":"status-publish","4":"has-post-thumbnail","6":"product_cat-kasipyyhkeet","7":"product_cat-taloustarvikkeet","8":"product_cat-tuotteet","9":"product_tag-kasipyyhkeet","11":"first","12":"outofstock","13":"purchasable","14":"product-type-simple"},"jetpack_sharing_enabled":true,"_links":{"self":[{"href":"https:\/\/www.hypertera.com\/index.php?rest_route=\/wp\/v2\/product\/1317","targetHints":{"allow":["GET"]}}],"collection":[{"href":"https:\/\/www.hypertera.com\/index.php?rest_route=\/wp\/v2\/product"}],"about":[{"href":"https:\/\/www.hypertera.com\/index.php?rest_route=\/wp\/v2\/types\/product"}],"replies":[{"embeddable":true,"href":"https:\/\/www.hypertera.com\/index.php?rest_route=%2Fwp%2Fv2%2Fcomments&post=1317"}],"wp:featuredmedia":[{"embeddable":true,"href":"https:\/\/www.hypertera.com\/index.php?rest_route=\/wp\/v2\/media\/1318"}],"wp:attachment":[{"href":"https:\/\/www.hypertera.com\/index.php?rest_route=%2Fwp%2Fv2%2Fmedia&parent=1317"}],"wp:term":[{"taxonomy":"product_brand","embeddable":true,"href":"https:\/\/www.hypertera.com\/index.php?rest_route=%2Fwp%2Fv2%2Fproduct_brand&post=1317"},{"taxonomy":"product_cat","embeddable":true,"href":"https:\/\/www.hypertera.com\/index.php?rest_route=%2Fwp%2Fv2%2Fproduct_cat&post=1317"},{"taxonomy":"product_tag","embeddable":true,"href":"https:\/\/www.hypertera.com\/index.php?rest_route=%2Fwp%2Fv2%2Fproduct_tag&post=1317"}],"curies":[{"name":"wp","href":"https:\/\/api.w.org\/{rel}","templated":true}]}}