{"id":1295,"date":"2022-07-21T14:43:19","date_gmt":"2022-07-21T14:43:19","guid":{"rendered":"https:\/\/www.hypertera.com\/?product=kynateline-musta"},"modified":"2022-07-21T14:43:32","modified_gmt":"2022-07-21T14:43:32","slug":"kynateline-musta","status":"publish","type":"product","link":"https:\/\/www.hypertera.com\/?product=kynateline-musta","title":{"rendered":"Kyn\u00e4teline, Musta"},"content":{"rendered":"<p>P\u00f6yt\u00e4 siistiksi ja pikkutavarat ojennukseen. Kyn\u00e4teline, kuusi eri lokeroa ja ty\u00f6skentely\u00e4 on sujuvaa jatkaa. Valmistettu muovista<\/p>\n","protected":false},"excerpt":{"rendered":"<p>Musta F-Office Kyn\u00e4teline<\/p>\n","protected":false},"featured_media":1296,"comment_status":"closed","ping_status":"closed","template":"","meta":[],"product_brand":[],"product_cat":[401,398,400,30,399,16,293],"product_tag":[402],"class_list":{"0":"post-1295","1":"product","2":"type-product","3":"status-publish","4":"has-post-thumbnail","6":"product_cat-kuulamustekynat-kynat-toimistotarvikkeet-kynapurkit-kynatelineettuotteet","7":"product_cat-kynapurkit-kynatelineettuotteet","8":"product_cat-kynat-toimistotarvikkeet-kynapurkit-kynatelineettuotteet","9":"product_cat-toimistotarvikkeet","10":"product_cat-toimistotarvikkeet-kynapurkit-kynatelineettuotteet","11":"product_cat-tuotteet","12":"product_cat-tyopistetarvikkeet","13":"product_tag-kynatelineet","15":"first","16":"instock","17":"purchasable","18":"product-type-simple"},"jetpack_sharing_enabled":true,"_links":{"self":[{"href":"https:\/\/www.hypertera.com\/index.php?rest_route=\/wp\/v2\/product\/1295","targetHints":{"allow":["GET"]}}],"collection":[{"href":"https:\/\/www.hypertera.com\/index.php?rest_route=\/wp\/v2\/product"}],"about":[{"href":"https:\/\/www.hypertera.com\/index.php?rest_route=\/wp\/v2\/types\/product"}],"replies":[{"embeddable":true,"href":"https:\/\/www.hypertera.com\/index.php?rest_route=%2Fwp%2Fv2%2Fcomments&post=1295"}],"wp:featuredmedia":[{"embeddable":true,"href":"https:\/\/www.hypertera.com\/index.php?rest_route=\/wp\/v2\/media\/1296"}],"wp:attachment":[{"href":"https:\/\/www.hypertera.com\/index.php?rest_route=%2Fwp%2Fv2%2Fmedia&parent=1295"}],"wp:term":[{"taxonomy":"product_brand","embeddable":true,"href":"https:\/\/www.hypertera.com\/index.php?rest_route=%2Fwp%2Fv2%2Fproduct_brand&post=1295"},{"taxonomy":"product_cat","embeddable":true,"href":"https:\/\/www.hypertera.com\/index.php?rest_route=%2Fwp%2Fv2%2Fproduct_cat&post=1295"},{"taxonomy":"product_tag","embeddable":true,"href":"https:\/\/www.hypertera.com\/index.php?rest_route=%2Fwp%2Fv2%2Fproduct_tag&post=1295"}],"curies":[{"name":"wp","href":"https:\/\/api.w.org\/{rel}","templated":true}]}}