{"id":1254,"date":"2022-07-21T14:40:24","date_gmt":"2022-07-21T14:40:24","guid":{"rendered":"https:\/\/www.hypertera.com\/?product=kuvioidut-sukkahousut-32-36-8-den-kukat"},"modified":"2022-07-21T14:40:28","modified_gmt":"2022-07-21T14:40:28","slug":"kuvioidut-sukkahousut-32-36-8-den-kukat","status":"publish","type":"product","link":"https:\/\/www.hypertera.com\/?product=kuvioidut-sukkahousut-32-36-8-den-kukat","title":{"rendered":"Kuvioidut sukkahousut, 32-36, 8 den, kukat"},"content":{"rendered":"<p>Mustat sukkahousut kukkakuviolla nilkassa. Koko 32-36. Paksuus 8 denieri\u00e4. Silkkim\u00e4isen pehme\u00e4 pinta, tukeva vy\u00f6r\u00e4t\u00f6.<\/p>\n","protected":false},"excerpt":{"rendered":"<p>Sukkahousut kukkakuviolla (32-36)<\/p>\n","protected":false},"featured_media":1255,"comment_status":"closed","ping_status":"closed","template":"","meta":[],"product_brand":[],"product_cat":[15],"product_tag":[389],"class_list":{"0":"post-1254","1":"product","2":"type-product","3":"status-publish","4":"has-post-thumbnail","6":"product_cat-uncategorized","7":"product_tag-kuvioidut-sukkahousut","9":"first","10":"instock","11":"purchasable","12":"product-type-simple"},"jetpack_sharing_enabled":true,"_links":{"self":[{"href":"https:\/\/www.hypertera.com\/index.php?rest_route=\/wp\/v2\/product\/1254","targetHints":{"allow":["GET"]}}],"collection":[{"href":"https:\/\/www.hypertera.com\/index.php?rest_route=\/wp\/v2\/product"}],"about":[{"href":"https:\/\/www.hypertera.com\/index.php?rest_route=\/wp\/v2\/types\/product"}],"replies":[{"embeddable":true,"href":"https:\/\/www.hypertera.com\/index.php?rest_route=%2Fwp%2Fv2%2Fcomments&post=1254"}],"wp:featuredmedia":[{"embeddable":true,"href":"https:\/\/www.hypertera.com\/index.php?rest_route=\/wp\/v2\/media\/1255"}],"wp:attachment":[{"href":"https:\/\/www.hypertera.com\/index.php?rest_route=%2Fwp%2Fv2%2Fmedia&parent=1254"}],"wp:term":[{"taxonomy":"product_brand","embeddable":true,"href":"https:\/\/www.hypertera.com\/index.php?rest_route=%2Fwp%2Fv2%2Fproduct_brand&post=1254"},{"taxonomy":"product_cat","embeddable":true,"href":"https:\/\/www.hypertera.com\/index.php?rest_route=%2Fwp%2Fv2%2Fproduct_cat&post=1254"},{"taxonomy":"product_tag","embeddable":true,"href":"https:\/\/www.hypertera.com\/index.php?rest_route=%2Fwp%2Fv2%2Fproduct_tag&post=1254"}],"curies":[{"name":"wp","href":"https:\/\/api.w.org\/{rel}","templated":true}]}}