{"id":111,"date":"2022-07-21T13:39:53","date_gmt":"2022-07-21T13:39:53","guid":{"rendered":"https:\/\/www.hypertera.com\/?product=audiokaapeli-stereo-jatkokaapeli-m-f-3-5mm-liittimet-5m-musta"},"modified":"2022-07-21T13:40:09","modified_gmt":"2022-07-21T13:40:09","slug":"audiokaapeli-stereo-jatkokaapeli-m-f-3-5mm-liittimet-5m-musta","status":"publish","type":"product","link":"https:\/\/www.hypertera.com\/?product=audiokaapeli-stereo-jatkokaapeli-m-f-3-5mm-liittimet-5m-musta","title":{"rendered":"Audiokaapeli, Stereo jatkokaapeli M\/F, 3.5mm liittimet, 5m, musta"},"content":{"rendered":"<p>5 metri\u00e4 pitk\u00e4 stereokaapelin jatkojohto 3.5 mm plugeilla. Toisessa p\u00e4\u00e4ss\u00e4 on 3,5mm uros plugi ja toisessa 3,5mm naaras plugi. Sopii erinomaisesti mm. kuulokkeiden jatkojohdoksi.<\/p>\n","protected":false},"excerpt":{"rendered":"<p>Musta Stereo jatkokaapeli M\/F 3.5mm liittimet 5m Audiokaapeli<\/p>\n","protected":false},"featured_media":112,"comment_status":"closed","ping_status":"closed","template":"","meta":[],"product_brand":[],"product_cat":[15],"product_tag":[75],"class_list":{"0":"post-111","1":"product","2":"type-product","3":"status-publish","4":"has-post-thumbnail","6":"product_cat-uncategorized","7":"product_tag-audiokaapelit","9":"first","10":"instock","11":"purchasable","12":"product-type-simple"},"jetpack_sharing_enabled":true,"_links":{"self":[{"href":"https:\/\/www.hypertera.com\/index.php?rest_route=\/wp\/v2\/product\/111","targetHints":{"allow":["GET"]}}],"collection":[{"href":"https:\/\/www.hypertera.com\/index.php?rest_route=\/wp\/v2\/product"}],"about":[{"href":"https:\/\/www.hypertera.com\/index.php?rest_route=\/wp\/v2\/types\/product"}],"replies":[{"embeddable":true,"href":"https:\/\/www.hypertera.com\/index.php?rest_route=%2Fwp%2Fv2%2Fcomments&post=111"}],"wp:featuredmedia":[{"embeddable":true,"href":"https:\/\/www.hypertera.com\/index.php?rest_route=\/wp\/v2\/media\/112"}],"wp:attachment":[{"href":"https:\/\/www.hypertera.com\/index.php?rest_route=%2Fwp%2Fv2%2Fmedia&parent=111"}],"wp:term":[{"taxonomy":"product_brand","embeddable":true,"href":"https:\/\/www.hypertera.com\/index.php?rest_route=%2Fwp%2Fv2%2Fproduct_brand&post=111"},{"taxonomy":"product_cat","embeddable":true,"href":"https:\/\/www.hypertera.com\/index.php?rest_route=%2Fwp%2Fv2%2Fproduct_cat&post=111"},{"taxonomy":"product_tag","embeddable":true,"href":"https:\/\/www.hypertera.com\/index.php?rest_route=%2Fwp%2Fv2%2Fproduct_tag&post=111"}],"curies":[{"name":"wp","href":"https:\/\/api.w.org\/{rel}","templated":true}]}}