{"id":1106,"date":"2022-07-21T14:28:24","date_gmt":"2022-07-21T14:28:24","guid":{"rendered":"https:\/\/www.hypertera.com\/?product=kristallinkirkas-lasertarra-avery-l7784-25-210297-mm"},"modified":"2022-07-21T14:28:50","modified_gmt":"2022-07-21T14:28:50","slug":"kristallinkirkas-lasertarra-avery-l7784-25-210297-mm","status":"publish","type":"product","link":"https:\/\/www.hypertera.com\/?product=kristallinkirkas-lasertarra-avery-l7784-25-210297-mm","title":{"rendered":"Kristallinkirkas lasertarra, Avery L7784-25, 210*297 mm"},"content":{"rendered":"<p>Ammattimaisen tyylikk\u00e4\u00e4t, l\u00e4pin\u00e4kyv\u00e4t, kirkkaankiilt\u00e4v\u00e4t etiketit hetkess\u00e4! Leikkaa etiketti oikeaan kokoon ja muotoon, ja saat tyylikk\u00e4\u00e4n lopputuloksen. Etiketit pysyv\u00e4t hyvin my\u00f6s lasilla, kiillotetuilla pinnoilla sek\u00e4 muovi- ja metallipinnoilla. Kest\u00e4v\u00e4t hyvin \u00f6ljy\u00e4 ja likaa, eiv\u00e4tk\u00e4 repe\u00e4.   Sopivat v\u00e4rilaser- ja lasertulostukseen. Koko 210 x 297 mm, materiaali polyesterkalvo. Tulostuksen suunnitteluun voit k\u00e4ytt\u00e4\u00e4 helppok\u00e4ytt\u00f6ist\u00e4, ilmaista Averyn tarrapohjat sis\u00e4lt\u00e4v\u00e4\u00e4 ohjelmaa, jonka voit ladata t\u00e4st\u00e4.   1 tarraa \/ arkki, 25 arkkia \/ pkt. Yhteens\u00e4 25 kpl tarraa paketissa.      Koko: 210x297mm. 25 kpl yhdess\u00e4 paketissa.<\/p>\n","protected":false},"excerpt":{"rendered":"<p>Avery L7784-25 Kristallinkirkas lasertarra<\/p>\n","protected":false},"featured_media":1107,"comment_status":"closed","ping_status":"closed","template":"","meta":[],"product_brand":[],"product_cat":[174,104,175,172,173,30,16],"product_tag":[176],"class_list":{"0":"post-1106","1":"product","2":"type-product","3":"status-publish","4":"has-post-thumbnail","6":"product_cat-etiketit-tarrat-ja-nimilappukotelot-toimistotarvikkeet-monitoimitarrattuotteet","7":"product_cat-etiketit-tarrat-ja-nimilappukotelot","8":"product_cat-kopiotarrat","9":"product_cat-monitoimitarrattuotteet","10":"product_cat-toimistotarvikkeet-monitoimitarrattuotteet","11":"product_cat-toimistotarvikkeet","12":"product_cat-tuotteet","13":"product_tag-lasertarrat","15":"first","16":"instock","17":"purchasable","18":"product-type-simple"},"jetpack_sharing_enabled":true,"_links":{"self":[{"href":"https:\/\/www.hypertera.com\/index.php?rest_route=\/wp\/v2\/product\/1106","targetHints":{"allow":["GET"]}}],"collection":[{"href":"https:\/\/www.hypertera.com\/index.php?rest_route=\/wp\/v2\/product"}],"about":[{"href":"https:\/\/www.hypertera.com\/index.php?rest_route=\/wp\/v2\/types\/product"}],"replies":[{"embeddable":true,"href":"https:\/\/www.hypertera.com\/index.php?rest_route=%2Fwp%2Fv2%2Fcomments&post=1106"}],"wp:featuredmedia":[{"embeddable":true,"href":"https:\/\/www.hypertera.com\/index.php?rest_route=\/wp\/v2\/media\/1107"}],"wp:attachment":[{"href":"https:\/\/www.hypertera.com\/index.php?rest_route=%2Fwp%2Fv2%2Fmedia&parent=1106"}],"wp:term":[{"taxonomy":"product_brand","embeddable":true,"href":"https:\/\/www.hypertera.com\/index.php?rest_route=%2Fwp%2Fv2%2Fproduct_brand&post=1106"},{"taxonomy":"product_cat","embeddable":true,"href":"https:\/\/www.hypertera.com\/index.php?rest_route=%2Fwp%2Fv2%2Fproduct_cat&post=1106"},{"taxonomy":"product_tag","embeddable":true,"href":"https:\/\/www.hypertera.com\/index.php?rest_route=%2Fwp%2Fv2%2Fproduct_tag&post=1106"}],"curies":[{"name":"wp","href":"https:\/\/api.w.org\/{rel}","templated":true}]}}